{"id":1906,"date":"2023-04-10T08:37:23","date_gmt":"2023-04-10T08:37:23","guid":{"rendered":"https:\/\/magyarutca.org\/wordpress\/?page_id=1906"},"modified":"2023-04-10T08:37:23","modified_gmt":"2023-04-10T08:37:23","slug":"finnorszagi-magyar-rendezvenyek-naptara","status":"publish","type":"page","link":"https:\/\/magyarutca.org\/wordpress\/finnorszagi-magyar-rendezvenyek-naptara\/","title":{"rendered":"Finnorsz\u00e1gi Magyar Rendezv\u00e9nyek Napt\u00e1ra"},"content":{"rendered":"\n<p><\/p>\n\n\n\n<p><code>\n  <div id='pgcalendar-6b1564c1f5' class='pgcal-container'>loading...<\/div>\n  <div class='pgcal-branding'>Powered by <a href='https:\/\/wordpress.org\/plugins\/pretty-google-calendar\/'>Pretty Google Calendar<\/a><\/div>\n  <\/code><\/p>\n","protected":false},"excerpt":{"rendered":"","protected":false},"author":5,"featured_media":0,"parent":0,"menu_order":0,"comment_status":"closed","ping_status":"closed","template":"","meta":{"footnotes":""},"class_list":["post-1906","page","type-page","status-publish","hentry"],"_links":{"self":[{"href":"https:\/\/magyarutca.org\/wordpress\/wp-json\/wp\/v2\/pages\/1906","targetHints":{"allow":["GET"]}}],"collection":[{"href":"https:\/\/magyarutca.org\/wordpress\/wp-json\/wp\/v2\/pages"}],"about":[{"href":"https:\/\/magyarutca.org\/wordpress\/wp-json\/wp\/v2\/types\/page"}],"author":[{"embeddable":true,"href":"https:\/\/magyarutca.org\/wordpress\/wp-json\/wp\/v2\/users\/5"}],"replies":[{"embeddable":true,"href":"https:\/\/magyarutca.org\/wordpress\/wp-json\/wp\/v2\/comments?post=1906"}],"version-history":[{"count":1,"href":"https:\/\/magyarutca.org\/wordpress\/wp-json\/wp\/v2\/pages\/1906\/revisions"}],"predecessor-version":[{"id":1907,"href":"https:\/\/magyarutca.org\/wordpress\/wp-json\/wp\/v2\/pages\/1906\/revisions\/1907"}],"wp:attachment":[{"href":"https:\/\/magyarutca.org\/wordpress\/wp-json\/wp\/v2\/media?parent=1906"}],"curies":[{"name":"wp","href":"https:\/\/api.w.org\/{rel}","templated":true}]}}