{"id":2,"date":"2022-07-04T19:09:18","date_gmt":"2022-07-04T19:09:18","guid":{"rendered":"https:\/\/magyarutca.org\/wordpress\/?page_id=2"},"modified":"2022-07-26T20:19:17","modified_gmt":"2022-07-26T20:19:17","slug":"hasznos-tudnivalok","status":"publish","type":"page","link":"https:\/\/magyarutca.org\/wordpress\/hasznos-tudnivalok\/","title":{"rendered":"Hasznos tudnival\u00f3k"},"content":{"rendered":"\n<h2 class=\"has-medium-font-size wp-block-heading\">Haszn\u00e1lati \u00fatmutat\u00f3 Finnorsz\u00e1ghoz:<\/h2>\n\n\n\n<ul class=\"wp-block-list\"><li><a href=\"https:\/\/www.magyarutca.org\/index.php\/component\/mailto\/?tmpl=component&amp;template=beez_20&amp;link=dd9ae4e50ead55638f16dbc32390f126f7f350a8\"><\/a><a href=\"http:\/\/kela.fi\/\">KELA<\/a>&nbsp;(eg\u00e9sz\u00e9gbiztos\u00edt\u00f3)<\/li><li><a href=\"http:\/\/poliisi.fi\/\">Rend\u0151rs\u00e9g<\/a><\/li><li><a href=\"http:\/\/maistraatti.fi\/\">Maistraatti<\/a>&nbsp;(lakc\u00edmnyilv\u00e1ntart\u00f3, k\u00f6zjegyz\u0151, anyak\u00f6nyvi hivatal)<\/li><li><a href=\"http:\/\/espoo.fi\/\">Espoo<\/a><\/li><li><a href=\"http:\/\/helsinki.fi\/\">Helsinki<\/a>&nbsp;<\/li><li><a href=\"http:\/\/vantaa.fi\/\">Vantaa<\/a><\/li><\/ul>\n\n\n\n<p class=\"has-medium-font-size\"><strong>K\u00f6zleked\u00e9s:<\/strong><\/p>\n\n\n\n<ul class=\"wp-block-list\"><li><a href=\"http:\/\/finnair.fi\/\">Finnair<\/a><\/li><li><a href=\"http:\/\/wizzair.hu\/\">WizzAir<\/a><\/li><li><a href=\"http:\/\/www.ryanair.com\/fi\">Ryanair<\/a><\/li><li><a href=\"http:\/\/www.supersaver.fi\/\">Supersaver<\/a>&nbsp;(olcs\u00f3 repjegyek)<\/li><li><a href=\"http:\/\/hsl.fi\/\">\u00datvonaltervez\u0151<\/a>&nbsp;(Helsinki, Espoo, Vantaa t\u00f6megk\u00f6zleked\u00e9s)<\/li><li><a href=\"http:\/\/vr.fi\/\">VR<\/a><\/li><li>Aut\u00f3val utaz\u00f3knak &#8211;&nbsp;<a rel=\"noreferrer noopener\" href=\"http:\/\/www.amzs.si\/?podrocje=18\" target=\"_blank\">benzin\u00e1rak<\/a><\/li><\/ul>\n\n\n\n<p class=\"has-medium-font-size\"><strong>Lak\u00e1skeres\u00e9s:<\/strong><\/p>\n\n\n\n<ul class=\"wp-block-list\"><li><a href=\"http:\/\/www.asuntoilmoitukset.com\/fi\/index.php?catid=2\">http:\/\/www.asuntoilmoitukset.com\/fi\/index.php?catid=2<\/a><\/li><li><a href=\"http:\/\/www.jokakoti.fi\/vuokra-asunnot\">http:\/\/www.jokakoti.fi\/vuokra-asunnot<\/a><\/li><li><a href=\"http:\/\/www.nettiasunto.com\/pikalinkit\/vuokra-asunnot\">http:\/\/www.nettiasunto.com\/pikalinkit\/vuokra-asunnot<\/a><\/li><li><a href=\"http:\/\/asunnot.oikotie.fi\/vuokrapalvelu\">http:\/\/asunnot.oikotie.fi\/vuokrapalvelu<\/a><\/li><li><a href=\"http:\/\/www.sato.fi\/cps\/sato\/hs.xsl\/-\/html\/haeAsuntoa.html\">http:\/\/www.sato.fi\/cps\/sato\/hs.xsl\/-\/html\/haeAsuntoa.html<\/a><\/li><li><a href=\"http:\/\/www.vuokraovi.com\/vuokraovi\/main\/main.action\">http:\/\/www.vuokraovi.com\/vuokraovi\/main\/main.action<\/a><\/li><\/ul>\n\n\n\n<p class=\"has-medium-font-size\"><strong>Egy\u00e9b:<\/strong><\/p>\n\n\n\n<ul class=\"wp-block-list\"><li><a href=\"http:\/\/www.xe.com\/\">Valutav\u00e1lt\u00f3<\/a><\/li><li><a href=\"http:\/\/foreca.fi\/\">Id\u0151j\u00e1r\u00e1s<\/a>-el\u0151rejelz\u00e9s<\/li><li>Helsinki-Espoo-Vantaa t\u00e9rk\u00e9p\u00a0<a href=\"http:\/\/kartta.hel.fi\/\">c\u00edmkeres\u00e9s<\/a><\/li><\/ul>\n\n\n\n<ul class=\"wp-block-list\"><li><a rel=\"noreferrer noopener\" href=\"http:\/\/www.studyinfinland.fi\/\" target=\"_blank\">Tanul\u00e1si lehet\u0151s\u00e9gek<\/a><\/li><\/ul>\n\n\n\n<p class=\"has-medium-font-size\"><strong>Olcs\u00f3 internetes v\u00e1s\u00e1rl\u00e1s<\/strong>:<\/p>\n\n\n\n<ul class=\"wp-block-list\" style=\"font-size:16px\"><li><a href=\"http:\/\/huuto.net\/\">huuto.net<\/a><\/li><\/ul>\n\n\n\n<ul class=\"wp-block-list\"><li><a href=\"http:\/\/www.keltainenporssi.fi\/\">Keltainen P\u00f6rssi<\/a><\/li><\/ul>\n","protected":false},"excerpt":{"rendered":"<p>Haszn\u00e1lati \u00fatmutat\u00f3 Finnorsz\u00e1ghoz: KELA&nbsp;(eg\u00e9sz\u00e9gbiztos\u00edt\u00f3) Rend\u0151rs\u00e9g Maistraatti&nbsp;(lakc\u00edmnyilv\u00e1ntart\u00f3, k\u00f6zjegyz\u0151, anyak\u00f6nyvi hivatal) Espoo Helsinki&nbsp; Vantaa K\u00f6zleked\u00e9s: Finnair WizzAir Ryanair Supersaver&nbsp;(olcs\u00f3 repjegyek) \u00datvonaltervez\u0151&nbsp;(Helsinki, Espoo, Vantaa t\u00f6megk\u00f6zleked\u00e9s) VR Aut\u00f3val utaz\u00f3knak &#8211;&nbsp;benzin\u00e1rak Lak\u00e1skeres\u00e9s: http:\/\/www.asuntoilmoitukset.com\/fi\/index.php?catid=2 http:\/\/www.jokakoti.fi\/vuokra-asunnot http:\/\/www.nettiasunto.com\/pikalinkit\/vuokra-asunnot http:\/\/asunnot.oikotie.fi\/vuokrapalvelu http:\/\/www.sato.fi\/cps\/sato\/hs.xsl\/-\/html\/haeAsuntoa.html http:\/\/www.vuokraovi.com\/vuokraovi\/main\/main.action Egy\u00e9b: Valutav\u00e1lt\u00f3 Id\u0151j\u00e1r\u00e1s-el\u0151rejelz\u00e9s Helsinki-Espoo-Vantaa t\u00e9rk\u00e9p\u00a0c\u00edmkeres\u00e9s Tanul\u00e1si lehet\u0151s\u00e9gek Olcs\u00f3 internetes v\u00e1s\u00e1rl\u00e1s: huuto.net Keltainen P\u00f6rssi<\/p>\n","protected":false},"author":1,"featured_media":0,"parent":0,"menu_order":0,"comment_status":"closed","ping_status":"open","template":"","meta":{"footnotes":""},"class_list":["post-2","page","type-page","status-publish","hentry"],"_links":{"self":[{"href":"https:\/\/magyarutca.org\/wordpress\/wp-json\/wp\/v2\/pages\/2","targetHints":{"allow":["GET"]}}],"collection":[{"href":"https:\/\/magyarutca.org\/wordpress\/wp-json\/wp\/v2\/pages"}],"about":[{"href":"https:\/\/magyarutca.org\/wordpress\/wp-json\/wp\/v2\/types\/page"}],"author":[{"embeddable":true,"href":"https:\/\/magyarutca.org\/wordpress\/wp-json\/wp\/v2\/users\/1"}],"replies":[{"embeddable":true,"href":"https:\/\/magyarutca.org\/wordpress\/wp-json\/wp\/v2\/comments?post=2"}],"version-history":[{"count":11,"href":"https:\/\/magyarutca.org\/wordpress\/wp-json\/wp\/v2\/pages\/2\/revisions"}],"predecessor-version":[{"id":965,"href":"https:\/\/magyarutca.org\/wordpress\/wp-json\/wp\/v2\/pages\/2\/revisions\/965"}],"wp:attachment":[{"href":"https:\/\/magyarutca.org\/wordpress\/wp-json\/wp\/v2\/media?parent=2"}],"curies":[{"name":"wp","href":"https:\/\/api.w.org\/{rel}","templated":true}]}}